- 7*g - 2. Determine r(s).
-12
Let d(i) = 8*i. Let q(h) = -3*h. Let u(w) = 4*d(w) + 11*q(w). Suppose -6*r = -r - 15. Let p = r - 3. Determine u(p).
0
Let u = -6 - -8. Let l(f) = f**2 - u*f**2 - 2 + 0 - 3*f. Suppose 0 - 3 = x. Determine l(x).
-2
Let q(h) = h**3 - h**2 - 6. Let t be 0*-2*(-4)/(-16). Determine q(t).
-6
Let q(c) be the first derivative of -2*c**2 + 1 + c**3 - 6*c + 1/4*c**4. Suppose -5*o + 35 = -t - 4*t, -4*o + 12 = 0. Give q(t).
-6
Suppose 4 + 11 = -5*f. Let t(o) = o**3 + 7*o**2 + o - 2. Let g(c) = -c**3 - 8*c**2 - 2*c + 2. Let v(k) = -5*g(k) - 6*t(k). Give v(f).
-1
Let v(t) be the second derivative of t**4/12 - 5*t**3/6 + 2*t**2 - 6*t. Give v(3).
-2
Let h = -11 + 11. Suppose 2*m - m = -5*f + 12, h = 3*m + 3*f. Let n(x) = x**3 + x**2 - 4*x - 4. Give n(m).
-10
Let g(r) = r**2 + 7*r + 8. Let h be g(-6). Let y(v) be the third derivative of v**6/360 - v**4/24 - v**2. Let p(d) be the second derivative of y(d). Give p(h).
4
Suppose 2*x - 15 = -a - 3*x, 5*a = 2*x - 6. Let n(h) = 5*h + 3 - 2*h**3 + a*h + 3*h**2 + h**3. Let i = -10 + 14. Determine n(i).
7
Let s(f) = f**2 - 2*f - 1. Let w be s(2). Let r(q) = 3*q**3 - q**2 + 1. Give r(w).
-3
Let c(u) = -u**2 + u + 2. Let b = -50 + 48. Give c(b).
-4
Suppose 0 = 3*x + 2*j - 25, j = x - 15. Let u(t) = t - 5. Let v be u(x). Let s(n) = -2*n + 7. Give s(v).
-5
Let z(m) = m**3 - 3*m**2 - 3*m - 9. Suppose 9 = 3*x - 4*s, s = -3*x - s + 27. Let t(c) = c**3 - 3*c**2 - 3*c - 8. Let h(w) = x*t(w) - 6*z(w). Calculate h(4).
2
Let d(l) = -18*l**2 - 5*l - 1 + 0 - 2 + 17*l**2. What is d(-3)?
3
Let s(w) = 0*w + w - 9 - 3. Let p(x) = x**3 - 5*x**2 + 5*x + 2. Suppose 20 + 0 = 5*f. Let a be p(f). Give s(a).
-6
Let g(c) = c**2 - c - 4. Let a be g(3). Let d(h) = -h**3 + 3*h**2 - 4*h + 3. Determine d(a).
-1
Let u(s) = -s**3 + 6*s**2 + 5*s - 7. Let l be ((-26)/(-10) - 3)*-20 - 1. Determine u(l).
-21
Let r(v) be the second derivative of 0*v**2 + 0 - 1/20*v**5 + 2*v - 1/4*v**4 + 1/2*v**3. Determine r(-4).
4
Let v be 2*(6/3 + -1). Let q(c) be the second derivative of 1/2*c**2 + c + 1/3*c**3 + 0. Determine q(v).
5
Let o(z) be the first derivative of 2/3*z**3 + 5/2*z**2 + 1 + 2*z. Let f = -5 - -2. Determine o(f).
5
Let b(y) = -y**2 - 5*y - 3. Let n(f) = -f - 16. Let i be n(-11). Give b(i).
-3
Let u = 25 - 26. Let b(n) = n**2 + n + 1. What is b(u)?
1
Suppose -20 - 20 = -4*o + 4*s, 3*o = 5*s + 36. Let g(h) = 2*h**3 + o*h - h**3 - 7*h**2 - 9 + 0*h**3. What is g(6)?
-3
Let v(q) = q - 6. Let d(t) = -t**2 - 2*t + 7. Let f(w) = w**2 + w - 4. Let m(y) = 3*d(y) + 5*f(y). Let x be m(1). Let h be (6/3)/(1/x). What is v(h)?
-2
Let u(a) = -2*a - 5 + 4*a - a + a**2. Let g = -323 - -323. Calculate u(g).
-5
Let x(a) be the first derivative of -a**5/120 - 3*a**4/8 - a**3 - 1. Let m(l) be the third derivative of x(l). What is m(-4)?
-5
Let c be -1*((1 - 1) + -3). Let v(p) = -5*p - 5 - p**c + 2 + 0 + 6*p**2. What is v(5)?
-3
Let r be 3 - (-2 + 3 + 5). Let u(g) = g**3 + g**2 - 4*g - 1. What is u(r)?
-7
Let c(r) = r**3 - 3*r**2 + 2*r + 1. Let w(a) = -a**2 + 4*a. Let y be w(3). Calculate c(y).
7
Let d(r) = r**2 - 8 - 3*r**3 + 11 - r - 4. Let j be ((-2)/4)/((-1)/(-2)). Determine d(j).
4
Let z(b) = 0*b**2 - 8*b - 13 - b**2 - 2*b. Let i be z(-9). Let j(q) = -q**3 - 3*q**2 + 2*q + 1. What is j(i)?
9
Let t = 2/39 + 269/78. Let y(b) be the first derivative of b - t*b**2 - 1. What is y(1)?
-6
Let y(m) = m**2 - 8*m + 6. Suppose 0 = -n - n + 12. What is y(n)?
-6
Let l(y) = y**3 - 3*y - 3. Suppose 0 = 3*s - 2*s + 2. Let u = 2 - s. Suppose n - u = 3*n. What is l(n)?
-5
Let c(x) be the second derivative of x**8/6720 - x**7/420 + x**6/240 - x**5/120 - 5*x**4/12 + 2*x. Let k(p) be the third derivative of c(p). Determine k(5).
-11
Let f(v) be the third derivative of v**5/60 + v**4/24 - v**3/6 + v**2. Suppose 0 = -3*c + c + 12. Let m be (c/(-9))/(2/(-6)). What is f(m)?
5
Suppose 2*q + 2 = -2. Let w(r) = -2*r + 1. Determine w(q).
5
Let c(k) = 3*k + 6. Let h(a) = -2*a - 4. Let z(o) = 5*c(o) + 8*h(o). Let i(w) = -2*w - 1. Let t(x) = 2*i(x) - 3*z(x). Calculate t(6).
-2
Let y(u) be the third derivative of 1/24*u**4 - 1/6*u**3 - 3*u**2 + 1/60*u**5 + 0*u + 0. Let h(s) = 4*s**2 + 4*s - 14. Let z(t) = -h(t) + 5*y(t). Give z(0).
9
Let k(h) = h**2 - 7*h - 7. Let t(w) = -w**2 + 6*w + 5. Let m(j) = -2*k(j) - 3*t(j). Suppose 4 = 2*y, -5*v + 2*v = 4*y - 23. Calculate m(v).
4
Suppose -3*r - a = -15, 20 = 4*r + 2*a - 6*a. Let g(q) be the first derivative of 0*q + 5/3*q**3 + 1 - q**2 - 1/4*q**4. What is g(r)?
-10
Let u(y) be the third derivative of -y**6/120 + y**4/24 - 170*y**2. Suppose -4*j - 4*x + 4 = 0, j - 3*x - 5 = -4. Give u(j).
0
Let o be 2/4*(4 - 0). Let u(m) = -o*m**2 + 1 + 3*m**2 - 5 - m. Let s be (-6)/((4 - 0)/(-2)). Determine u(s).
2
Suppose 0*k - k = -2. Let x(h) = -7 + k*h + 3 + h + h**3 - 3*h**2. What is x(3)?
5
Suppose 4*h - 14 = -k + 3*k, 0 = -4*h - 5*k + 7. Let y(l) = 3*l**3 + 3 + 5*l**2 + 1 - l - 4*l**h. Let r be 19/4 - 2/(-8). Calculate y(r).
-1
Let r be (-2)/(-3) - (-4)/(-6). Suppose 3*d - 12 = 0, r = 2*f - 2*d + 5 + 15. Let l = 10 + f. Let i(y) = y**3 - 5*y**2 + 7*y - 6. Determine i(l).
6
Suppose -4*z = z. Let c(q) = 0 + q + 2 + z. Suppose -a - 2*y - 6 = 0, 2*a - 4*a + 3*y = -2. What is c(a)?
0
Let n(w) = 2*w**3 - 7*w**2 - 4*w - 4. Let d(y) = y**3 - y**2 - y - 1. Let s(g) = 3*d(g) - n(g). Suppose -17 - 3 = 5*i. Determine s(i).
-3
Let h(p) = 11*p + 29. Let q(g) = -5*g - 14. Let r(v) = -6*h(v) - 13*q(v). What is r(8)?
0
Let i(w) = w**3 + 6*w**2 - 6*w + 7. Let f be i(-7). Let h = 8 - 3. Let s(d) = 6 - h*d - 1 + f*d**2 + d**2. What is s(5)?
5
Let a(w) be the first derivative of w**3/3 - 3*w**2/2 - 3*w + 13. What is a(5)?
7
Let p(d) = -9*d**3 + d. Suppose 22 + 2 = 3*o. Let c = 13 - o. Let y = -4 + c. Calculate p(y).
-8
Suppose 3 - 7 = -4*y. Let w(r) be the second derivative of -7*r**6/720 + r**4/12 + r. Let u(z) be the third derivative of w(z). What is u(y)?
-7
Let k(q) be the third derivative of q**4/24 + 4*q**3/3 - 52*q**2. Determine k(-11).
-3
Let v be 2/(2 - (-5)/(-3)). Suppose 0*o + v = -2*o. Let s(j) = j**2 + 2. Let p(r) = 2*r**2 + r + 4. Let b(x) = 3*p(x) - 5*s(x). Give b(o).
2
Let x(r) = r**2 + r + 3. Let q(f) = f**2 + 4*f. Let s be q(-3). Determine x(s).
9
Let n(u) = -3*u - 1. Let a be (-12)/(-20) + (-34)/(-10). Give n(a).
-13
Let c(b) = b**3 + 8 - 18 + 8 + 5*b**2 + 2*b. Determine c(-3).
10
Let c(g) = g**3 - 4*g**2 + 1. Suppose 5*v + 9 = -1. Let a be ((-10)/(-4))/((-1)/v). Suppose -a*b = d - 16, 0*b - b - 5*d = 16. Determine c(b).
1
Suppose 2*g - 5*g + 18 = 0. Let o(s) = 3*s**2 - 4*s - 1. Let l(r) = -10*r**2 + 11*r + 3. Let x(m) = 2*l(m) + 7*o(m). Give x(g).
-1
Let d be -15 + -2*(1 + -2). Let s = d + 13. Let m(q) = -q**2 - 5. Determine m(s).
-5
Let r be (-2)/2 - (0 + -1). Let y(l) be the third derivative of -l**6/120 + l**4/24 + 7*l**3/6 + 8*l**2. Determine y(r).
7
Let g(l) = 2*l. Suppose -2*a = -0*a - 2. Give g(a).
2
Let g(k) = -k. Let q be g(3). Let v(o) = o**3 + 2*o**2 + 2. What is v(q)?
-7
Suppose -2 + 7 = 5*i. Let n(j) = -8*j + 1. Calculate n(i).
-7
Let z be -2*5*(-3)/6. Suppose 0*h = -2*h - 5*y + 29, -4*y + 18 = -h. Let s(q) = 2 + 2*q**2 - q**h - 5*q - q. Give s(z).
-3
Let i(z) = z**2 - 8*z - 5. Let t be i(9). Let q(o) be the third derivative of o**6/120 - o**5/15 + 18*o**2. Calculate q(t).
0
Suppose -2*d = -d - 5. Let s = 0 + d. Let w(g) = -1 - 4 + 2 + g + 5*g**2 - g**3. What is w(s)?
2
Let k(l) be the first derivative of l**4/2 - 2*l**3/3 - 14. Suppose -2 + 6 = 2*g. Give k(g).
8
Suppose -d - 2 = 7. Let c be ((-6)/d)/(4/6). Let h(q) = -2*q + 0 + c + 3*q. Determine h(-3).
-2
Let j(f) = -f + 3. Let a be j(12). Let p(s) = -s**2 - 7*s + 13. Determine p(a).
-5
Let c(u) = -4*u**2 + 5*u - 5. Let t(q) = -q**2 + q - 1. Let y(o) = -c(o) + 6*t(o). What is y(2)?
-7
Let o(h) = h**2 - 7*h - 1. Let s(f) = 4*f**3 + 2*f**2 - 3*f + 1. Let a be s(1). Determine o(a).
-13
Let k = 5 - 11. Let n(y) = y + 8. Let j be n(k). Let d(l) = l**2 + 2*l - 5*l**2 + 1 - l**3 + 3*l**2. Determine d(j).
-7
Let p be 3*2/6 - 3. Let x be p/((1 + 0)/(-2)). Suppose -10 + x = 3*k. Let b(s) = s**3 - s**2 - 2*s + 1. Give b(k).
-7
Let v(i) be the second derivative of i**5/20 + 5*i**4/6 + i**3/2 + 2*i. Let g be v(-10). Let u be 6/9*g/(-4). Let f(o) = o**2 - 3*o - 6. Calculate f(u).
4
